1
Calculate the highest common factor of 11 and 29557.
11
What is the highest common factor of 18 and 78?
6
Calculate the greatest common factor of 23 and 246.
1
Calculate the greatest common factor of 1833 and 39.
39
What is the greatest common divisor of 492 and 2091?
123
Calculate the highest common divisor of 176 and 848.
16
Calculate the greatest common factor of 203 and 7337.
29
Calculate the highest common divisor of 23 and 207.
23
What is the highest common factor of 95 and 1976?
19
What is the greatest common factor of 741 and 273?
39
Calculate the greatest common divisor of 297 and 55.
11
What is the highest common factor of 5831 and 51?
17
What is the highest common factor of 4 and 7?
1
Calculate the greatest common factor of 16 and 24.
8
Calculate the greatest common factor of 123 and 16318.
41
Calculate the greatest common factor of 1485 and 55.
55
Calculate the greatest common factor of 34832 and 112.
112
What is the highest common factor of 53915 and 205?
205
Calculate the greatest common factor of 27224 and 41.
41
Calculate the highest common divisor of 4979 and 26.
13
Calculate the greatest common factor of 60 and 444.
12
Calculate the greatest common factor of 40 and 8.
8
Calculate the highest common divisor of 49774 and 82.
82
Calculate the greatest common divisor of 138 and 24978.
138
Calculate the greatest common divisor of 22 and 88.
22
Calculate the greatest common factor of 9 and 9.
9
Calculate the highest common divisor of 10 and 10.
10
Calculate the greatest common factor of 68 and 68.
68
Calculate the greatest common divisor of 170 and 90.
10
Calculate the greatest common divisor of 495 and 90.
45
Calculate the highest common divisor of 23 and 4.
1
Calculate the greatest common divisor of 5470 and 40.
10
What is the greatest common factor of 270 and 918?
54
Calculate the highest common factor of 74392 and 68.
68
Calculate the highest common factor of 12 and 12252.
12
What is the greatest common divisor of 49 and 77?
7
Calculate the greatest common factor of 32 and 84.
4
Calculate the highest common factor of 12103 and 38.
19
Calculate the greatest common divisor of 22 and 1034.
22
What is the highest common factor of 153 and 63?
9
Calculate the greatest common factor of 165 and 33.
33
Calculate the highest common factor of 17297 and 353.
353
Calculate the highest common divisor of 54 and 37854.
54
Calculate the highest common divisor of 225 and 9.
9
What is the greatest common factor of 356 and 267?
89
What is the highest common divisor of 5 and 115?
5
What is the highest common factor of 824 and 8?
8
Calculate the greatest common factor of 35 and 217.
7
Calculate the highest common divisor of 111 and 3.
3
What is the greatest common factor of 4 and 1?
1
What is the highest common divisor of 962 and 222?
74
What is the greatest common factor of 423 and 18?
9
Calculate the greatest common divisor of 962 and 3552.
74
What is the highest common factor of 850 and 374?
34
What is the greatest common divisor of 115 and 3956?
23
Calculate the highest common divisor of 333 and 2886.
111
What is the greatest common factor of 1440 and 48?
48
What is the greatest common factor of 78 and 741?
39
What is the greatest common divisor of 40 and 1128?
8
Calculate the greatest common factor of 243 and 24.
3
What is the highest common factor of 26 and 26?
26
What is the greatest common factor of 182 and 42?
14
Calculate the greatest common divisor of 106 and 1.
1
What is the greatest common factor of 1260 and 180?
180
What is the highest common factor of 24696 and 72?
72
Calculate the highest common factor of 3 and 2883.
3
Calculate the greatest common factor of 70 and 5.
5
What is the highest common factor of 54113 and 53?
53
Calculate the greatest common factor of 2944 and 384.
128
What is the highest common factor of 175 and 140?
35
What is the greatest common divisor of 196 and 11564?
196
What is the greatest common divisor of 744 and 96?
24
What is the greatest common factor of 28 and 10?
2
Calculate the greatest common divisor of 400 and 736.
16
What is the highest common factor of 35 and 224?
7
What is the greatest common factor of 39 and 1417?
13
Calculate the highest common divisor of 744 and 456.
24
Calculate the greatest common divisor of 1440 and 315.
45
What is the highest common factor of 207 and 920?
23
Calculate the highest common divisor of 1243 and 11.
11
Calculate the greatest common divisor of 3737 and 259.
37
Calculate the greatest common divisor of 36 and 198.
18
Calculate the greatest common factor of 33 and 68838.
33
What is the greatest common factor of 120 and 6450?
30
Calculate the greatest common factor of 2 and 482.
2
What is the greatest common factor of 549 and 9?
9
What is the highest common divisor of 6 and 48?
6
Calculate the highest common factor of 891 and 81.
81
Calculate the greatest common divisor of 39 and 507.
39
What is the greatest common divisor of 2784 and 864?
96
Calculate the greatest common factor of 16 and 1024.
16
Calculate the greatest common divisor of 22 and 30833.
11
What is the greatest common factor of 132 and 2222?
22
What is the highest common divisor of 272 and 85?
17
What is the highest common divisor of 46 and 1472?
46
What is the highest common divisor of 12 and 21?
3
Calculate the greatest common divisor of 26282 and 34.
34
What is the greatest common divisor of 1209 and 39?
39
What is the highest common divisor of 209 and 57?
19
What is the highest common divisor of 392 and 13132?
196
What is the greatest common factor of 34 and 85?
17
What is the highest common divisor of 40 and 520?
40
What is the greatest common factor of 218 and 2?
2
What is the greatest common divisor of 150 and 6?
6
What is the highest common factor of 561 and 33?
33
Calculate the highest common factor of 141 and 15.
3
What is the highest common factor of 4454 and 34?
34
Calculate the greatest common divisor of 1168 and 5183.
73
Calculate the highest common divisor of 682 and 66.
22
Calculate the greatest common divisor of 889 and 35.
7
Calculate the highest common factor of 12 and 84.
12
Calculate the highest common divisor of 1536 and 240.
48
What is the highest common factor of 114 and 304?
38
What is the greatest common factor of 870 and 270?
30
Calculate the greatest common factor of 137 and 5343.
137
What is the highest common divisor of 9 and 3303?
9
Calculate the highest common divisor of 240 and 6260.
20
Calculate the greatest common divisor of 3402 and 3240.
162
Calculate the highest common divisor of 904 and 152.
8
Calculate the greatest common factor of 52 and 96.
4
What is the greatest common divisor of 444 and 37?
37
What is the greatest common divisor of 10620 and 472?
236
Calculate the greatest common divisor of 68 and 85.
17
What is the highest common factor of 81 and 297?
27
Calculate the highest common divisor of 2360 and 80.
40
Calculate the highest common factor of 17 and 272.
17
Calculate the greatest common divisor of 134 and 2.
2
Calculate the greatest common factor of 1137 and 15.
3
Calculate the highest common divisor of 2568 and 107.
107
What is the greatest common factor of 470 and 3008?
94
What is the highest common divisor of 245 and 1505?
35
Calculate the greatest common factor of 160 and 10.
10
Calculate the highest common divisor of 25 and 6.
1
What is the greatest common divisor of 1287 and 54?
9
Calculate the highest common divisor of 20791 and 17.
17
Calculate the highest common divisor of 330 and 715.
55
What is the highest common factor of 60 and 630?
30
What is the highest common factor of 1829 and 295?
59
What is the greatest common divisor of 469 and 7?
7
Calculate the greatest common factor of 80 and 1665.
5
What is the highest common divisor of 2101 and 11?
11
What is the highest common factor of 24630 and 60?
30
Calculate the greatest common factor of 629 and 74.
37
Calculate the greatest common factor of 18 and 22.
2
Calculate the highest common factor of 154 and 78078.
154
What is the greatest common factor of 50293 and 19?
19
Calculate the highest common factor of 105 and 70.
35
Calculate the highest common factor of 432 and 324.
108
What is the greatest common divisor of 6 and 9?
3
What is the greatest common factor of 899 and 651?
31
What is the h